{"id":63,"date":"2019-08-20T14:32:39","date_gmt":"2019-08-20T17:32:39","guid":{"rendered":"http:\/\/profile.ufpa.br\/?page_id=63"},"modified":"2019-08-20T14:32:39","modified_gmt":"2019-08-20T17:32:39","slug":"sobre-o-profile","status":"publish","type":"page","link":"https:\/\/profile.ufpa.br\/index.php\/sobre-o-profile\/","title":{"rendered":"Sobre o PROFILE"},"content":{"rendered":"\n<p>O PROFILE (Programa de Profici\u00eancia em Leitura em L\u00ednguas Estrangeiras) \u00e9 um projeto de extens\u00e3o universit\u00e1ria, desenvolvido pela Faculdade de Letras Estrangeiras Modernas, da Universidade Federal do Par\u00e1, que visa certificar, em n\u00edvel de p\u00f3s-gradua\u00e7\u00e3o <em>strictu sensu<\/em>, a profici\u00eancia em leitura nas l\u00ednguas estrangeiras alem\u00e3, espanhola, francesa e inglesa, nas seguintes grandes \u00e1reas do conhecimento: Ci\u00eancias Humanas e Ci\u00eancias Sociais Aplicadas; Lingu\u00edstica, Letras e Artes; Ci\u00eancias da Sa\u00fade e Ci\u00eancias Biol\u00f3gicas; Ci\u00eancias Agr\u00e1rias e Veterin\u00e1rias; e Ci\u00eancias Exatas, Engenharias e Ci\u00eancias da Terra.<\/p>\n\n\n\n<p>O PROFILE atende ao seu p\u00fablico alvo (candidatos a Mestrado e Doutorado) desde o ano de 2008, oferecendo duas sess\u00f5es por ano, geralmente nos meses de maio e outubro.<\/p>\n","protected":false},"excerpt":{"rendered":"<p>O PROFILE (Programa de Profici\u00eancia em Leitura em L\u00ednguas Estrangeiras) \u00e9 um projeto de extens\u00e3o universit\u00e1ria, desenvolvido pela Faculdade de Letras Estrangeiras Modernas, da Universidade Federal do Par\u00e1, que visa certificar, em n\u00edvel de p\u00f3s-gradua\u00e7\u00e3o strictu sensu, a profici\u00eancia em leitura nas l\u00ednguas estrangeiras alem\u00e3, espanhola, francesa e inglesa, nas seguintes grandes \u00e1reas do conhecimento: [&hellip;]<\/p>\n","protected":false},"author":1,"featured_media":0,"parent":0,"menu_order":0,"comment_status":"closed","ping_status":"closed","template":"","meta":[],"_links":{"self":[{"href":"https:\/\/profile.ufpa.br\/index.php\/wp-json\/wp\/v2\/pages\/63"}],"collection":[{"href":"https:\/\/profile.ufpa.br\/index.php\/wp-json\/wp\/v2\/pages"}],"about":[{"href":"https:\/\/profile.ufpa.br\/index.php\/wp-json\/wp\/v2\/types\/page"}],"author":[{"embeddable":true,"href":"https:\/\/profile.ufpa.br\/index.php\/wp-json\/wp\/v2\/users\/1"}],"replies":[{"embeddable":true,"href":"https:\/\/profile.ufpa.br\/index.php\/wp-json\/wp\/v2\/comments?post=63"}],"version-history":[{"count":1,"href":"https:\/\/profile.ufpa.br\/index.php\/wp-json\/wp\/v2\/pages\/63\/revisions"}],"predecessor-version":[{"id":65,"href":"https:\/\/profile.ufpa.br\/index.php\/wp-json\/wp\/v2\/pages\/63\/revisions\/65"}],"wp:attachment":[{"href":"https:\/\/profile.ufpa.br\/index.php\/wp-json\/wp\/v2\/media?parent=63"}],"curies":[{"name":"wp","href":"https:\/\/api.w.org\/{rel}","templated":true}]}}